
Let z(v) = v**2 - 25. Let c = -3072 + 3063. Determine z(c).
56
Let u(z) = -134 + 0*z**2 + z**2 - 127 + 45*z - 102. What is u(7)?
1
Let i(v) be the second derivative of -2*v**3/3 - v**2/2 - 5*v. Let a be (4/(-17))/(4/(-34)). What is i(a)?
-9
Suppose 29 - 36 = -w. Let r(f) = 10*f - 17*f + w + 6*f. Determine r(5).
2
Let d(m) = -m**3 + 4*m**2 + 4. Let o = -2126 - -2130. Determine d(o).
4
Suppose 0 = -145*b - 628*b - 3092. Suppose 2*l = -2*l + 12. Let o(h) = -1 - 4*h**3 - l*h**2 - h**2 + 2*h + 3*h**3. Calculate o(b).
-9
Let b(z) be the first derivative of -z**2/2 - 8*z + 4674. Let s(g) = g**2 + 7*g + 5. Let x be s(-5). What is b(x)?
-3
Let m(n) = -100*n + 382. Let y(h) = -101*h + 373. Let f(l) = 9*m(l) - 8*y(l). Calculate f(5).
-6
Let n(q) = q**2 - 5*q + 1. Suppose 0*a + 5*a = 15. Let x(d) = 1 - a*d + 2*d**3 - d**3 + 2. Let t be x(2). Calculate n(t).
1
Let w(i) be the third derivative of i**6/60 - 3*i**5/20 - 5*i**4/12 + i**3/3 + 307*i**2. Give w(6).
50
Let u be 3 + -78 + 32 + 45. Let v(k) = 5*k**2 + 0*k**2 - 3*k + 2 - 3*k**2. Give v(u).
4
Let w(a) = a**2 + 21*a - 20. Suppose -4*q - 2*m + 50 - 128 = 0, 2*m = -3*q - 60. Give w(q).
-74
Suppose 2*t = -1 + 7. Let a = 8 - t. Let s(v) be the second derivative of -v**5/20 + v**4/3 + v**3/6 + 5*v**2/2 + v - 1421. Determine s(a).
-15
Let h(n) = 67*n - 533. Let g be h(8). Let o(j) = -j**3 + 5*j - 4. Determine o(g).
-16
Let i be (-28)/(-5) + 7/((-35)/3). Suppose 0 = 3*o - 0*o - i*d + 26, 3*o + 2 = -d. Let b = 5 + o. Let k(c) = -c**3 + 3*c**2 + c + 3. Determine k(b).
6
Let w(x) be the third derivative of x**2 + 1/120*x**6 - 1/6*x**4 - 13/6*x**3 - 72 + 0*x + 3/20*x**5. Calculate w(-9).
23
Let z(r) = -247*r + 741*r - 247*r - 245*r - 15. Calculate z(18).
21
Let h(s) = -s - 15. Suppose -8*j = 2*x - 38, 5*x = -j + 49 + 8. What is h(x)?
-26
Let r(f) = 269*f + 118. Let u(v) = 31*v + 15. Let j(a) = 2*r(a) - 17*u(a). Calculate j(2).
3
Let k(o) = o**3 + 2*o**2 + 1. Let t be k(-3). Suppose -3 = 5*x + 17. Let f(p) = 2*p + 9. Let u(w) = w + 3. Let i(d) = x*u(d) + f(d). Determine i(t).
13
Let i(c) be the first derivative of c**2 + 61*c - 3952. What is i(-29)?
3
Let s(b) be the first derivative of -b**2/2 - 27*b - 4330. Determine s(-8).
-19
Suppose -5 = -3*a + 7. Let i(m) = 27 + 3*m - a - 11 - 13. What is i(-3)?
-10
Let y(j) = -j**2 + 7*j - 6. Suppose -28 = -11*g + 18*g. Let i(o) = -o**2 - 4*o + 4. Let t be i(g). Give y(t).
6
Let f(l) = 7*l - 73. Let c be f(10). Let k = c + 0. Let a(i) = -4*i + 3. What is a(k)?
15
Let z(k) = 153*k**2 + 2*k**3 - 77*k**2 - 10*k**3 + 16*k - 19 - 82*k**2 + 7*k**3. Determine z(-8).
-19
Suppose -2*l + 18 = 4*i, 30 - 35 = 5*i. Let r(t) = -t**3 + 13*t**2 - 19*t + 16. What is r(l)?
49
Let b(m) = m**2 - 7*m + 7. Let v be b(6). Let i(q) = -23*q**2 + 2*q + 131. Let k(j) = -70*j**2 + 6*j + 360. Let t(h) = 11*i(h) - 4*k(h). Calculate t(v).
26
Let p(c) = 23*c**2 - 3*c - 1. Let l(n) = -86*n**2 + 10*n + 3. Let f(h) = -3*l(h) - 11*p(h). Give f(-3).
38
Let p(z) = -z**2 - 6*z - 6. Let f be (22 - 23) + 48/(-3) + -1. Let c be (f/(-8))/(-1 + (-45)/(-72)). Calculate p(c).
-6
Let x be (1/(-2))/(5/20). Let j(l) = -11 + 10 + 1 - 3*l. Let a be j(x). Let m(z) = -z**3 + 5*z**2 + 7*z - 6. What is m(a)?
0
Suppose -i = 232 - 197. Let q be 1 - 1*29*-1. Let p = q + i. Let y(a) = a**3 + 5*a**2 - a - 6. Give y(p).
-1
Let f(n) = 17*n + 1. Suppose 0 = 190*i - 68*i - 242 + 974. Determine f(i).
-101
Let m be (18/(-5))/(-6)*(-10)/(-2). Let k(z) = z**m + 8*z**2 + 3*z + 2*z + 3*z + 41 - 35. Determine k(-7).
-1
Let v(s) = s**2 - 9*s - 18. Let f(y) = -8*y**3 - 22*y**2 + 4*y + 6. Let k be f(-3). What is v(k)?
18
Let s(c) = -c - 2. Let n = 504 - 503. Let l(g) = 1. Let v(a) = n*s(a) - l(a). Let b = 0 - 0. Determine v(b).
-3
Let x(g) be the first derivative of -g**3/3 + 16*g**2 - 39*g + 1556. Give x(30).
21
Let g = 310 + 27. Let w = g + -43. Let j(n) = 4 - w*n - 1 - 1 + 295*n. Calculate j(-6).
-4
Let n(u) = 21 - u**2 + 17 + u - 47 + 12. What is n(-5)?
-27
Let c(u) be the first derivative of 2 + 6 + 5*u**2 + 3*u - 1 - 3*u**2. Let h be 2/(-4) + (-30)/20. What is c(h)?
-5
Let u(j) = 4*j + 84. Let n(p) = -9*p - 127. Let m be n(-12). Let k be u(m). Let c(x) = -x**3 + 8*x**2 + x - 4. Calculate c(k).
4
Let a(n) = n - 1. Let d be ((-455)/39)/((-2)/30). Suppose -5*k - 45 = -d. Let t = 29 - k. Determine a(t).
2
Let z(m) be the second derivative of -m**5/20 + m**4/2 + 3*m**3 - 17*m**2/2 + 2*m + 1472. Calculate z(8).
-1
Let u(l) = 3*l**3 + 2*l**2 + l + 31. Let w(f) = f**3 + 11. Let g(c) = -3*u(c) + 8*w(c). Let j(x) = -x. Let a be (6/7)/(2/14). Let y be j(a). Determine g(y).
13
Let c(j) be the second derivative of -j**3/6 - j**2 - 98*j. Let g(l) = -2*l - 6. Let q(y) = 3*c(y) - g(y). Determine q(-9).
9
Let w(r) = r**2 + 4*r - 1. Let n = -134 + 155. Let h be 3874/546 - 2/n. Let o be ((-10)/(-4))/(h - 120/16). Calculate w(o).
4
Let u(b) be the third derivative of -b**5/60 - b**4/8 + 7*b**3/3 - 4*b**2 - 44. Give u(-4).
10
Let u(n) = 7*n - 1558. Let f(i) = i + 373. Let l(r) = -4*f(r) - u(r). What is l(8)?
-22
Suppose -89 - 19 = -54*p. Let s(o) = o + 1. Let h(k) = 3*k + 3. Let x(v) = -h(v) + 2*s(v). Determine x(p).
-3
Let f(q) = q**3 - 6*q**2 + 4*q - 2. Let k(p) = -2*p - 10. Let c be k(-7). Suppose -c*z + 31 = -13. Let x be (z/(-3) + 3 + 0)*-6. Calculate f(x).
-18
Let k(i) be the third derivative of 0*i**3 - 9*i**2 + 0*i**5 + 0 + 0*i + 1/6*i**4 + 1/360*i**6. Let h(z) be the second derivative of k(z). Determine h(2).
4
Let l(c) = -c - 8. Let t be 20/(-6)*-1*9/(-6). Let w be (-2 - 2 - t)*-4. Give l(w).
-4
Let p(g) be the first derivative of -g**3/3 + g + 2264. Let a(h) = h**3 - h**2 + h + 6. Let f be a(0). Suppose f*x = 4*i + x + 5, 2 = -5*i + 2*x. Give p(i).
1
Let b(r) be the second derivative of -r**4/12 + r**3/3 - r**2/2 - 2*r. Let y be -72 - (-1)/2*10. Let n = -62 - y. Determine b(n).
-16
Let v be (4 + 2 + -9)*2/1. Let y be -41*(12/v)/(-2). Let x = -47 - y. Let l(k) = k + 2. Give l(x).
-4
Let x(w) = 14*w**2 + 2*w - 7. Let o(h) = 11*h + 9. Let j(k) = 20*k + 17. Let p(y) = -6*j(y) + 11*o(y). Let t(n) = -2*p(n) + x(n). What is t(1)?
13
Let h(w) = w - 1. Suppose 27 = 3*s + 30. Let c be -1 + 16 + s + -5 + 9. Let u be 0*4/c*(-3)/(-2). What is h(u)?
-1
Let a(k) = 2 + 7 - 4 + 2 - 1. Let t(s) be the first derivative of -s**2/2 - 6*s - 1. Let m(f) = -2*a(f) - 3*t(f). Calculate m(-5).
-9
Let r(m) = 11*m + 7. Let s(z) = 2*z. Let n(h) = -r(h) + 6*s(h). Let l be n(2). Let o(g) = 4*g + 12. Determine o(l).
-8
Suppose -145*d - 1110 + 5025 = 0. Suppose -z + 20 = 4*z. Suppose -z*x - d = 5*x. Let b(a) = a**3 + 2*a**2 - 2*a + 4. Give b(x).
1
Let u = -58 - -102. Let p = u + -40. Suppose -5 + 2 = m - 2*r, 3*m = p*r - 9. Let t(q) = -2*q - 2. Determine t(m).
4
Let q(x) = -x - 10. Let d be q(-2). Let a be (-21)/(-12) + 6/d. Let p(y) = 10*y**3 + y - 1. Give p(a).
10
Let h(d) = 2*d**3 - 3*d**2 - d + 3. Let l be (168/(-18) - -9)*-6. Determine h(l).
5
Let q(d) = -17952 + 0*d**2 + d + 2*d**2 - 3*d**2 + 17948. Let n be (30/25)/3 - (-36)/10. Determine q(n).
-16
Let i(d) = -3*d**2 - 4*d**2 + 6*d**2 - 10*d - 6. Let c = -1323 + 1316. Determine i(c).
15
Let h be 2/8 - (-13)/(-4). Let z be 1798/8 - (-4)/16. Let j(f) = 229*f - z*f - 2*f**2 + 3*f**2 - 1. Give j(h).
-4
Let m(a) = -a + 26. Let u(o) = 7*o**2 + 42*o + 81. Let l be u(-3). What is m(l)?
8
Let z(m) = 3*m - 4. Suppose 0 = 5*l - 4*b + 1, -2*b - 4 = -4*l - 0. Suppose -2*n + 109 = -l*x + 299, 4*n - 54 = -x. Suppose x*y = 61*y + 6. Give z(y).
14
Suppose d + 22 = 18. Let a(k) be the third derivative of -k**5/60 - k**4/6 - 4*k**3/3 + 29*k**2 - 3*k. What is a(d)?
-8
Let l(f) = -f**2 - 20*f + 10. Let v = 5216 + -5236. Give l(v).
10
Let l(h) = 9*h**2 - 2*h + 7. Let d be 1*-7 - (15/(-5) - -3). Let m be (0/(-1) + 1)*(-7)/d. Let c(k) = k**2 + 1. Let n(z) = m*l(z) - 6*c(z). What is n(2)?
9
Let k(d) = -3*d - 165. Let f be k(-57). Let x(q) = 11*q + 13. Give x(f).
79
Let w be (-164)/18 + (-1650)/(-1485). Let r(o) = -2*o**3 - 15*o**2 + 10*o + 1. What is r(w)?
-15
Let z(p) = -5*p - 6. Suppose -4*d + 929 = -2*i - 7*d, 25 = -5*d. Let t = i - -453. Calculate z(t).
14
Suppose 4*p + 36 = -2*t, -4*p + 25 = -5*t - 9. Let h(o) = -26*o + 220. Let v(w) = -9*w + 79. Let j(l) = 6*h(l) - 17*v(l). Give j(t).
7
Let p(y) = 6*y + 15. Suppose -5*k + 41 = 18*c - 14*c,